alculate the remainder when 120880 is divided by 44.
12
What is the remainder when 10176 is divided by 17?
10
Calculate the remainder when 23201 is divided by 7717.
50
What is the remainder when 750 is divided by 583?
167
Calculate the remainder when 5142 is divided by 41.
17
What is the remainder when 4616 is divided by 3?
2
Calculate the remainder when 3902 is divided by 323.
26
Calculate the remainder when 357571 is divided by 519.
499
What is the remainder when 11964 is divided by 45?
39
What is the remainder when 215 is divided by 70?
5
What is the remainder when 2874236 is divided by 60?
56
What is the remainder when 231086 is divided by 46217?
1
What is the remainder when 4967 is divided by 4950?
17
What is the remainder when 51913 is divided by 6?
1
Calculate the remainder when 20187 is divided by 226.
73
Calculate the remainder when 7833 is divided by 446.
251
What is the remainder when 4044 is divided by 50?
44
Calculate the remainder when 4346344 is divided by 6.
4
What is the remainder when 4032 is divided by 501?
24
What is the remainder when 549 is divided by 21?
3
What is the remainder when 1988 is divided by 560?
308
Calculate the remainder when 2251 is divided by 819.
613
Calculate the remainder when 379887 is divided by 938.
935
Calculate the remainder when 48850 is divided by 549.
538
What is the remainder when 7047 is divided by 585?
27
What is the remainder when 551870 is divided by 110372?
10
What is the remainder when 1392680 is divided by 127?
125
Calculate the remainder when 14212 is divided by 3523.
120
Calculate the remainder when 32668 is divided by 16263.
142
What is the remainder when 1118 is divided by 16?
14
What is the remainder when 1402 is divided by 355?
337
Calculate the remainder when 5115 is divided by 109.
101
Calculate the remainder when 5515 is divided by 1.
0
Calculate the remainder when 4597 is divided by 368.
181
Calculate the remainder when 219111 is divided by 54.
33
Calculate the remainder when 47881 is divided by 15955.
16
What is the remainder when 28952 is divided by 610?
282
What is the remainder when 28797 is divided by 187?
186
Calculate the remainder when 8346 is divided by 571.
352
What is the remainder when 22892 is divided by 286?
12
What is the remainder when 9947 is divided by 711?
704
What is the remainder when 25771 is divided by 241?
225
Calculate the remainder when 114302 is divided by 17.
11
What is the remainder when 24220 is divided by 457?
456
Calculate the remainder when 77532 is divided by 302.
220
What is the remainder when 6291 is divided by 303?
231
What is the remainder when 8387 is divided by 634?
145
Calculate the remainder when 135041 is divided by 13504.
1
What is the remainder when 187908 is divided by 117?
6
Calculate the remainder when 13680 is divided by 489.
477
Calculate the remainder when 10305 is divided by 94.
59
What is the remainder when 54181 is divided by 104?
101
What is the remainder when 1038 is divided by 173?
0
What is the remainder when 256 is divided by 253?
3
Calculate the remainder when 591952 is divided by 225.
202
Calculate the remainder when 14030 is divided by 14.
2
What is the remainder when 171604 is divided by 307?
298
What is the remainder when 1912 is divided by 697?
518
What is the remainder when 82189 is divided by 13696?
13
What is the remainder when 108413 is divided by 1372?
25
Calculate the remainder when 27347 is divided by 325.
47
What is the remainder when 8355 is divided by 394?
81
What is the remainder when 43797 is divided by 671?
182
Calculate the remainder when 2592 is divided by 700.
492
Calculate the remainder when 207352 is divided by 1364.
24
Calculate the remainder when 56525 is divided by 7064.
13
What is the remainder when 7525 is divided by 375?
25
What is the remainder when 17887 is divided by 8?
7
What is the remainder when 1478 is divided by 286?
48
Calculate the remainder when 936095 is divided by 178.
171
What is the remainder when 768 is divided by 374?
20
What is the remainder when 17577 is divided by 5851?
24
Calculate the remainder when 82387 is divided by 568.
27
What is the remainder when 98838 is divided by 146?
142
Calculate the remainder when 31895 is divided by 52.
19
Calculate the remainder when 70326 is divided by 2810.
76
Calculate the remainder when 3751 is divided by 3742.
9
What is the remainder when 223893 is divided by 711?
639
Calculate the remainder when 10683 is divided by 28.
15
Calculate the remainder when 69215 is divided by 168.
167
What is the remainder when 958 is divided by 155?
28
Calculate the remainder when 2551545 is divided by 114.
111
Calculate the remainder when 61360 is divided by 660.
640
What is the remainder when 28575 is divided by 9370?
465
Calculate the remainder when 125900 is divided by 2468.
32
Calculate the remainder when 39953 is divided by 92.
25
Calculate the remainder when 4839863 is divided by 12.
11
Calculate the remainder when 498682 is divided by 94.
12
What is the remainder when 33961 is divided by 11110?
631
Calculate the remainder when 80640 is divided by 80640.
0
Calculate the remainder when 864 is divided by 12.
0
Calculate the remainder when 17942 is divided by 3588.
2
What is the remainder when 418391 is divided by 37?
32
Calculate the remainder when 734 is divided by 344.
46
Calculate the remainder when 76255 is divided by 9531.
7
What is the remainder when 68993 is divided by 124?
49
Calculate the remainder when 48058 is divided by 17.
16
Calculate the remainder when 639194 is divided by 38.
34
What is the remainder when 6487 is divided by 396?
151
Calculate the remainder when 153338 is divided by 79.
78
What is the remainder when 2983 is divided by 127?
62
Calculate the remainder when 22322 is divided by 930.
2
Calculate the remainder when 1443 is divided by 19.
18
What is the remainder when 5617 is divided by 1863?
28
What is the remainder when 60176 is divided by 3?
2
Calculate the remainder when 30738 is divided by 15345.
48
Calculate the remainder when 21307 is divided by 47.
16
Calculate the remainder when 67016 is divided by 15.
11
Calculate the remainder when 10167 is divided by 564.
15
What is the remainder when 350881 is divided by 353?
352
What is the remainder when 97519 is divided by 21?
16
Calculate the remainder when 2251 is divided by 939.
373
What is the remainder when 3549 is divided by 194?
57
What is the remainder when 1356 is divided by 109?
48
What is the remainder when 11945 is divided by 3953?
86
What is the remainder when 136052 is divided by 20?
12
What is the remainder when 287743 is divided by 47955?
13
What is the remainder when 44692 is divided by 187?
186
Calculate the remainder when 130189 is divided by 94.
93
Calculate the remainder when 303265 is divided by 101082.
19
What is the remainder when 22661 is divided by 76?
13
What is the remainder when 19860 is divided by 9697?
466
What is the remainder when 284659 is divided by 7?
4
Calculate the remainder when 45611 is divided by 49.
41
Calculate the remainder when 7088 is divided by 41.
36
What is the remainder when 4132 is divided by 1032?
4
Calculate the remainder when 38933 is divided by 1852.
41
What is the remainder when 3521 is divided by 703?
6
What is the remainder when 171211 is divided by 57041?
88
What is the remainder when 9506 is divided by 7879?
1627
Calculate the remainder when 1590 is divided by 214.
92
Calculate the remainder when 5976 is divided by 2923.
130
Calculate the remainder when 4270 is divided by 693.
112
Calculate the remainder when 55807 is divided by 18593.
28
Calculate the remainder when 7709 is divided by 1561.
1465
Calculate the remainder when 5711 is divided by 300.
11
Calculate the remainder when 627 is divided by 8.
3
Calculate the remainder when 12525 is divided by 42.
9
What is the remainder when 11421 is divided by 1630?
11
Calculate the remainder when 6761 is divided by 125.
11
Calculate the remainder when 32422 is divided by 134.
128
What is the remainder when 28792 is divided by 1107?
10
Calculate the remainder when 67831 is divided by 449.
32
What is the remainder when 98135 is divided by 43?
9
Calculate the remainder when 98861 is divided by 137.
84
Calculate the remainder when 5418 is divided by 74.
16
What is the rem